{"id":657,"date":"2020-07-03T14:18:44","date_gmt":"2020-07-03T14:18:44","guid":{"rendered":"https:\/\/kraft-bauer.com\/?page_id=657"},"modified":"2024-05-06T19:45:59","modified_gmt":"2024-05-06T19:45:59","slug":"brandschutzbeauftragter","status":"publish","type":"page","link":"https:\/\/kraft-bauer.com\/?page_id=657","title":{"rendered":"Brandschutzbeauftragter"},"content":{"rendered":"<div data-colibri-id=\"657-c1\" class=\"style-761 style-local-657-c1 position-relative\">\r\n  <!---->\r\n  <div data-colibri-component=\"section\" data-colibri-id=\"657-c2\" id=\"initial-content\" class=\"h-section h-section-global-spacing d-flex align-items-lg-center align-items-md-center align-items-center style-762 style-local-657-c2 position-relative\">\r\n    <!---->\r\n    <!---->\r\n    <div class=\"h-section-grid-container h-section-boxed-container\">\r\n      <!---->\r\n      <div data-colibri-id=\"657-c6\" class=\"h-row-container gutters-row-lg-2 gutters-row-md-2 gutters-row-0 gutters-row-v-lg-2 gutters-row-v-md-2 gutters-row-v-2 style-766 style-local-657-c6 position-relative\">\r\n        <!---->\r\n        <div class=\"h-row justify-content-lg-center justify-content-md-center justify-content-center align-items-lg-stretch align-items-md-stretch align-items-stretch gutters-col-lg-2 gutters-col-md-2 gutters-col-0 gutters-col-v-lg-2 gutters-col-v-md-2 gutters-col-v-2\">\r\n          <!---->\r\n          <div class=\"h-column h-column-container d-flex h-col-lg-auto h-col-md-auto h-col-auto style-767-outer style-local-657-c7-outer\">\r\n            <div data-colibri-id=\"657-c7\" class=\"d-flex h-flex-basis h-column__inner h-px-lg-2 h-px-md-2 h-px-2 v-inner-lg-2 v-inner-md-2 v-inner-2 style-767 style-local-657-c7 position-relative\">\r\n              <!---->\r\n              <!---->\r\n              <div class=\"w-100 h-y-container h-column__content h-column__v-align flex-basis-100 align-self-lg-start align-self-md-start align-self-start\">\r\n                <!---->\r\n                <div data-colibri-id=\"657-c8\" class=\"h-text h-text-component style-768 style-local-657-c8 position-relative h-element\">\r\n                  <!---->\r\n                  <!---->\r\n                  <div class=\"\">\r\n                    <h3>\r\n                      <a href=\"https:\/\/loeschanlage.com\/de\/dienstleistungen\/brandschutzbeauftragter\" style=\"font-weight: 300; color: rgb(150, 33, 37);\" class=\"customize-unpreviewable\">BRANDSCHUTZBEAUFTRAGTER<\/a>\r\n                    <\/h3>\r\n                  <\/div>\r\n                <\/div>\r\n              <\/div>\r\n            <\/div>\r\n          <\/div>\r\n        <\/div>\r\n      <\/div>\r\n      <div data-colibri-id=\"657-c12\" class=\"h-row-container gutters-row-lg-2 gutters-row-md-2 gutters-row-0 gutters-row-v-lg-2 gutters-row-v-md-2 gutters-row-v-2 style-772 style-local-657-c12 position-relative\">\r\n        <!---->\r\n        <div class=\"h-row justify-content-lg-center justify-content-md-center justify-content-center align-items-lg-stretch align-items-md-stretch align-items-stretch gutters-col-lg-2 gutters-col-md-2 gutters-col-0 gutters-col-v-lg-2 gutters-col-v-md-2 gutters-col-v-2\">\r\n          <!---->\r\n          <div class=\"h-column h-column-container d-flex h-col-lg-auto h-col-md-auto h-col-auto style-773-outer style-local-657-c13-outer\">\r\n            <div data-colibri-id=\"657-c13\" class=\"d-flex h-flex-basis h-column__inner h-px-lg-2 h-px-md-2 h-px-2 v-inner-lg-2 v-inner-md-2 v-inner-2 style-773 style-local-657-c13 position-relative\">\r\n              <!---->\r\n              <!---->\r\n              <div class=\"w-100 h-y-container h-column__content h-column__v-align flex-basis-100 align-self-lg-start align-self-md-start align-self-start\">\r\n                <!---->\r\n                <div data-colibri-id=\"657-c16\" class=\"h-divider style-777 style-local-657-c16 position-relative h-element\">\r\n                  <!----><span class=\"h-divider__line style-777-line style-local-657-c16-line style-777-line style-local-657-c16-line\"><\/span><\/div>\r\n              <\/div>\r\n            <\/div>\r\n          <\/div>\r\n        <\/div>\r\n      <\/div>\r\n      <div data-colibri-id=\"657-c9\" class=\"h-row-container gutters-row-lg-2 gutters-row-md-2 gutters-row-0 gutters-row-v-lg-2 gutters-row-v-md-2 gutters-row-v-2 style-769 style-local-657-c9 position-relative\">\r\n        <!---->\r\n        <div class=\"h-row justify-content-lg-center justify-content-md-center justify-content-center align-items-lg-stretch align-items-md-stretch align-items-stretch gutters-col-lg-2 gutters-col-md-2 gutters-col-0 gutters-col-v-lg-2 gutters-col-v-md-2 gutters-col-v-2\">\r\n          <!---->\r\n          <div class=\"h-column h-column-container d-flex h-col-lg-auto h-col-md-auto h-col-auto style-770-outer style-local-657-c10-outer\">\r\n            <div data-colibri-id=\"657-c10\" class=\"d-flex h-flex-basis h-column__inner h-px-lg-2 h-px-md-2 h-px-2 v-inner-lg-2 v-inner-md-2 v-inner-2 style-770 style-local-657-c10 position-relative\">\r\n              <!---->\r\n              <!---->\r\n              <div class=\"w-100 h-y-container h-column__content h-column__v-align flex-basis-100 align-self-lg-start align-self-md-start align-self-start\">\r\n                <!---->\r\n                <div data-colibri-id=\"657-c15\" class=\"h-text h-text-component style-775 style-local-657-c15 position-relative h-element\">\r\n                  <!---->\r\n                  <!---->\r\n                  <div class=\"\">\r\n                    <p><strong>Externer Brandschutzbeauftragter f\u00fcr Ihr Unternehmen:<\/strong><\/p>\r\n                    <p>Diese verantwortungsvolle Aufgabe kann auch ein externer&nbsp;Brandschutzbeauftragter wahrnehmen. Hierbei fungiert unser Mitarbeiter als zentrale Ansprechperson f\u00fcr s\u00e4mtliche anfallenden Brandschutzfragen in einem Unternehmen. Prinzipiell\r\n                      k\u00f6nnen alle Betriebe entsprechende Brandschutzbeauftragte bestellen. Ben\u00f6tigt werden sie aufgrund von Gesetzen (Z.B. der Muster-Industriebaurichtlinie M IndBauRL, 5. 12. 3), Verordnungen (Z.B.&nbsp;Muster-Verkaufsst\u00e4ttenverordnung,\r\n                      MvkVO \u00a7 26 Abs. 2 oder auch der Gef\u00e4hrdungsbeurteilung seitens des Arbeitgebers. Der Brandschutzbeauftragte hat dabei die Aufgabe, den Arbeitgeber bei s\u00e4mtlichen Fragen des vorbeugenden, abwehrenden und organisatorischen Brandschutzes\r\n                      zu beraten und zu unterst\u00fctzen.<\/p>\r\n                    <ul>\r\n                      <li>Beurteilung der Brandgef\u00e4hrdung in einem Unternehmen bzw. an den Arbeitspl\u00e4tzen.<\/li>\r\n                      <li>Erstellen bzw. Fortschreiben der Brandschutzordnung.<\/li>\r\n                      <li>Mitwirkung bei der konsequenten Einhaltung der Brandschutzbestimmungen.<\/li>\r\n                      <li>Beratung hinsichtlich der Brandschutz Ausstattung rund um Feuerl\u00f6scheinrichtungen und funktionelle L\u00f6schmittel.<\/li>\r\n                      <li>Konzeptionieren, Organisieren sowie Durchf\u00fchren von R\u00e4umungs\u00fcbungen.<\/li>\r\n                      <li>Beratung und Unterst\u00fctzung der F\u00fchrungskr\u00e4fte bei den Brandschutz Unterweisungen der Mitarbeiter.<\/li>\r\n                      <li>Aus- und Fortbildung von unternehmenseigenen Brandschutzhelfern gem\u00e4\u00df ASR A2.2.<\/li>\r\n                      <li>Gew\u00e4hrleistung der Pr\u00fcfung und Wartung bzw. Instandhaltung der brandschutztechnischen Einrichtungen.<\/li>\r\n                      <li>Mitwirkung und Unterst\u00fctzung bei der Festlegung von entsprechenden Ersatzma\u00dfnahmen Au\u00dferbetriebssetzung oder Ausfall der brandschutztechnischen Einrichtungen.\r\n                        <br>\r\n                        <br>\r\n                      <\/li>\r\n                    <\/ul>\r\n                    <p>Externe Brandschutzbeauftragte haben den Vorteil dass sich keine &#8222;Betriebsblindheit&#8220; einschleicht und sie m\u00fcssen keine eigenen Mitarbeiterressourcen ausbilden.<\/p>\r\n                    <p>\r\n                      <br>\r\n                    <\/p>\r\n                  <\/div>\r\n                <\/div>\r\n              <\/div>\r\n            <\/div>\r\n          <\/div>\r\n        <\/div>\r\n      <\/div>\r\n    <\/div>\r\n  <\/div>\r\n<\/div>","protected":false},"excerpt":{"rendered":"<p>BRANDSCHUTZBEAUFTRAGTER Externer Brandschutzbeauftragter f\u00fcr Ihr Unternehmen: Diese verantwortungsvolle Aufgabe kann auch ein externer&nbsp;Brandschutzbeauftragter wahrnehmen. Hierbei fungiert unser Mitarbeiter als zentrale Ansprechperson f\u00fcr s\u00e4mtliche anfallenden Brandschutzfragen in einem Unternehmen. Prinzipiell k\u00f6nnen alle Betriebe entsprechende Brandschutzbeauftragte bestellen. Ben\u00f6tigt werden sie aufgrund von Gesetzen (Z.B. der Muster-Industriebaurichtlinie M IndBauRL, 5. 12. 3), Verordnungen (Z.B.&nbsp;Muster-Verkaufsst\u00e4ttenverordnung, MvkVO \u00a7 26 Abs. [&hellip;]<\/p>\n","protected":false},"author":1,"featured_media":0,"parent":247,"menu_order":0,"comment_status":"closed","ping_status":"closed","template":"page-templates\/full-width-page.php","meta":{"footnotes":""},"class_list":["post-657","page","type-page","status-publish","hentry"],"yoast_head":"<!-- This site is optimized with the Yoast SEO plugin v22.6 - https:\/\/yoast.com\/wordpress\/plugins\/seo\/ -->\n<title>Informationen zum Brandschutzbeauftragten<\/title>\n<meta name=\"description\" content=\"Brandschutzbeauftragte unterst\u00fctzen und beraten den Arbeitgeber bei Fragen des vorbeugenden, abwehrenden und organisatorischen Brandschutzes \u2714\ufe0fWir beraten Sie gerne info@kraft-bauer.com\" \/>\n<meta name=\"robots\" content=\"index, follow, max-snippet:-1, max-image-preview:large, max-video-preview:-1\" \/>\n<link rel=\"canonical\" href=\"https:\/\/kraft-bauer.com\/?page_id=657\" \/>\n<meta property=\"og:locale\" content=\"de_DE\" \/>\n<meta property=\"og:type\" content=\"article\" \/>\n<meta property=\"og:title\" content=\"Informationen zum Brandschutzbeauftragten\" \/>\n<meta property=\"og:description\" content=\"Brandschutzbeauftragte unterst\u00fctzen und beraten den Arbeitgeber bei Fragen des vorbeugenden, abwehrenden und organisatorischen Brandschutzes \u2714\ufe0fWir beraten Sie gerne info@kraft-bauer.com\" \/>\n<meta property=\"og:url\" content=\"https:\/\/kraft-bauer.com\/?page_id=657\" \/>\n<meta property=\"og:site_name\" content=\"Kraft-Bauer\" \/>\n<meta property=\"article:modified_time\" content=\"2024-05-06T19:45:59+00:00\" \/>\n<meta name=\"twitter:card\" content=\"summary_large_image\" \/>\n<meta name=\"twitter:label1\" content=\"Gesch\u00e4tzte Lesezeit\" \/>\n\t<meta name=\"twitter:data1\" content=\"2\u00a0Minuten\" \/>\n<script type=\"application\/ld+json\" class=\"yoast-schema-graph\">{\"@context\":\"https:\/\/schema.org\",\"@graph\":[{\"@type\":\"WebPage\",\"@id\":\"https:\/\/kraft-bauer.com\/?page_id=657\",\"url\":\"https:\/\/kraft-bauer.com\/?page_id=657\",\"name\":\"Informationen zum Brandschutzbeauftragten\",\"isPartOf\":{\"@id\":\"https:\/\/kraft-bauer.com\/#website\"},\"datePublished\":\"2020-07-03T14:18:44+00:00\",\"dateModified\":\"2024-05-06T19:45:59+00:00\",\"description\":\"Brandschutzbeauftragte unterst\u00fctzen und beraten den Arbeitgeber bei Fragen des vorbeugenden, abwehrenden und organisatorischen Brandschutzes \u2714\ufe0fWir beraten Sie gerne info@kraft-bauer.com\",\"breadcrumb\":{\"@id\":\"https:\/\/kraft-bauer.com\/?page_id=657#breadcrumb\"},\"inLanguage\":\"de\",\"potentialAction\":[{\"@type\":\"ReadAction\",\"target\":[\"https:\/\/kraft-bauer.com\/?page_id=657\"]}]},{\"@type\":\"BreadcrumbList\",\"@id\":\"https:\/\/kraft-bauer.com\/?page_id=657#breadcrumb\",\"itemListElement\":[{\"@type\":\"ListItem\",\"position\":1,\"name\":\"Startseite\",\"item\":\"https:\/\/kraft-bauer.com\/\"},{\"@type\":\"ListItem\",\"position\":2,\"name\":\"Dienstleistungen\",\"item\":\"https:\/\/kraft-bauer.com\/?page_id=247\"},{\"@type\":\"ListItem\",\"position\":3,\"name\":\"Brandschutzbeauftragter\"}]},{\"@type\":\"WebSite\",\"@id\":\"https:\/\/kraft-bauer.com\/#website\",\"url\":\"https:\/\/kraft-bauer.com\/\",\"name\":\"Kraft & Bauer Brandschutzsysteme GmbH\",\"description\":\"L\u00f6schanlagen und Feuerl\u00f6scher zur Brandvermeidung und -bek\u00e4mpfung. F\u00fcr die Sicherheit Ihrer Unternehmens- und Produktionsbereiche. Wir beraten Sie gerne info@kraft-bauer.com\",\"publisher\":{\"@id\":\"https:\/\/kraft-bauer.com\/#organization\"},\"potentialAction\":[{\"@type\":\"SearchAction\",\"target\":{\"@type\":\"EntryPoint\",\"urlTemplate\":\"https:\/\/kraft-bauer.com\/?s={search_term_string}\"},\"query-input\":\"required name=search_term_string\"}],\"inLanguage\":\"de\"},{\"@type\":\"Organization\",\"@id\":\"https:\/\/kraft-bauer.com\/#organization\",\"name\":\"Kraft & Bauer Brandschutzsysteme GmbH\",\"url\":\"https:\/\/kraft-bauer.com\/\",\"logo\":{\"@type\":\"ImageObject\",\"inLanguage\":\"de\",\"@id\":\"https:\/\/kraft-bauer.com\/#\/schema\/logo\/image\/\",\"url\":\"https:\/\/kraft-bauer.com\/wp-content\/uploads\/2020\/07\/cropped-logo_header-scaled-2.jpg\",\"contentUrl\":\"https:\/\/kraft-bauer.com\/wp-content\/uploads\/2020\/07\/cropped-logo_header-scaled-2.jpg\",\"width\":2491,\"height\":735,\"caption\":\"Kraft & Bauer Brandschutzsysteme GmbH\"},\"image\":{\"@id\":\"https:\/\/kraft-bauer.com\/#\/schema\/logo\/image\/\"}}]}<\/script>\n<!-- \/ Yoast SEO plugin. -->","yoast_head_json":{"title":"Informationen zum Brandschutzbeauftragten","description":"Brandschutzbeauftragte unterst\u00fctzen und beraten den Arbeitgeber bei Fragen des vorbeugenden, abwehrenden und organisatorischen Brandschutzes \u2714\ufe0fWir beraten Sie gerne info@kraft-bauer.com","robots":{"index":"index","follow":"follow","max-snippet":"max-snippet:-1","max-image-preview":"max-image-preview:large","max-video-preview":"max-video-preview:-1"},"canonical":"https:\/\/kraft-bauer.com\/?page_id=657","og_locale":"de_DE","og_type":"article","og_title":"Informationen zum Brandschutzbeauftragten","og_description":"Brandschutzbeauftragte unterst\u00fctzen und beraten den Arbeitgeber bei Fragen des vorbeugenden, abwehrenden und organisatorischen Brandschutzes \u2714\ufe0fWir beraten Sie gerne info@kraft-bauer.com","og_url":"https:\/\/kraft-bauer.com\/?page_id=657","og_site_name":"Kraft-Bauer","article_modified_time":"2024-05-06T19:45:59+00:00","twitter_card":"summary_large_image","twitter_misc":{"Gesch\u00e4tzte Lesezeit":"2\u00a0Minuten"},"schema":{"@context":"https:\/\/schema.org","@graph":[{"@type":"WebPage","@id":"https:\/\/kraft-bauer.com\/?page_id=657","url":"https:\/\/kraft-bauer.com\/?page_id=657","name":"Informationen zum Brandschutzbeauftragten","isPartOf":{"@id":"https:\/\/kraft-bauer.com\/#website"},"datePublished":"2020-07-03T14:18:44+00:00","dateModified":"2024-05-06T19:45:59+00:00","description":"Brandschutzbeauftragte unterst\u00fctzen und beraten den Arbeitgeber bei Fragen des vorbeugenden, abwehrenden und organisatorischen Brandschutzes \u2714\ufe0fWir beraten Sie gerne info@kraft-bauer.com","breadcrumb":{"@id":"https:\/\/kraft-bauer.com\/?page_id=657#breadcrumb"},"inLanguage":"de","potentialAction":[{"@type":"ReadAction","target":["https:\/\/kraft-bauer.com\/?page_id=657"]}]},{"@type":"BreadcrumbList","@id":"https:\/\/kraft-bauer.com\/?page_id=657#breadcrumb","itemListElement":[{"@type":"ListItem","position":1,"name":"Startseite","item":"https:\/\/kraft-bauer.com\/"},{"@type":"ListItem","position":2,"name":"Dienstleistungen","item":"https:\/\/kraft-bauer.com\/?page_id=247"},{"@type":"ListItem","position":3,"name":"Brandschutzbeauftragter"}]},{"@type":"WebSite","@id":"https:\/\/kraft-bauer.com\/#website","url":"https:\/\/kraft-bauer.com\/","name":"Kraft & Bauer Brandschutzsysteme GmbH","description":"L\u00f6schanlagen und Feuerl\u00f6scher zur Brandvermeidung und -bek\u00e4mpfung. F\u00fcr die Sicherheit Ihrer Unternehmens- und Produktionsbereiche. Wir beraten Sie gerne info@kraft-bauer.com","publisher":{"@id":"https:\/\/kraft-bauer.com\/#organization"},"potentialAction":[{"@type":"SearchAction","target":{"@type":"EntryPoint","urlTemplate":"https:\/\/kraft-bauer.com\/?s={search_term_string}"},"query-input":"required name=search_term_string"}],"inLanguage":"de"},{"@type":"Organization","@id":"https:\/\/kraft-bauer.com\/#organization","name":"Kraft & Bauer Brandschutzsysteme GmbH","url":"https:\/\/kraft-bauer.com\/","logo":{"@type":"ImageObject","inLanguage":"de","@id":"https:\/\/kraft-bauer.com\/#\/schema\/logo\/image\/","url":"https:\/\/kraft-bauer.com\/wp-content\/uploads\/2020\/07\/cropped-logo_header-scaled-2.jpg","contentUrl":"https:\/\/kraft-bauer.com\/wp-content\/uploads\/2020\/07\/cropped-logo_header-scaled-2.jpg","width":2491,"height":735,"caption":"Kraft & Bauer Brandschutzsysteme GmbH"},"image":{"@id":"https:\/\/kraft-bauer.com\/#\/schema\/logo\/image\/"}}]}},"_links":{"self":[{"href":"https:\/\/kraft-bauer.com\/index.php?rest_route=\/wp\/v2\/pages\/657","targetHints":{"allow":["GET"]}}],"collection":[{"href":"https:\/\/kraft-bauer.com\/index.php?rest_route=\/wp\/v2\/pages"}],"about":[{"href":"https:\/\/kraft-bauer.com\/index.php?rest_route=\/wp\/v2\/types\/page"}],"author":[{"embeddable":true,"href":"https:\/\/kraft-bauer.com\/index.php?rest_route=\/wp\/v2\/users\/1"}],"replies":[{"embeddable":true,"href":"https:\/\/kraft-bauer.com\/index.php?rest_route=%2Fwp%2Fv2%2Fcomments&post=657"}],"version-history":[{"count":3,"href":"https:\/\/kraft-bauer.com\/index.php?rest_route=\/wp\/v2\/pages\/657\/revisions"}],"predecessor-version":[{"id":997,"href":"https:\/\/kraft-bauer.com\/index.php?rest_route=\/wp\/v2\/pages\/657\/revisions\/997"}],"up":[{"embeddable":true,"href":"https:\/\/kraft-bauer.com\/index.php?rest_route=\/wp\/v2\/pages\/247"}],"wp:attachment":[{"href":"https:\/\/kraft-bauer.com\/index.php?rest_route=%2Fwp%2Fv2%2Fmedia&parent=657"}],"curies":[{"name":"wp","href":"https:\/\/api.w.org\/{rel}","templated":true}]}}