{"id":348,"date":"2020-07-02T07:11:53","date_gmt":"2020-07-02T07:11:53","guid":{"rendered":"https:\/\/kraft-bauer.com\/?page_id=348"},"modified":"2024-05-06T19:38:21","modified_gmt":"2024-05-06T19:38:21","slug":"brandschutz-im-edv-bereich__trashed","status":"publish","type":"page","link":"https:\/\/kraft-bauer.com\/?page_id=348","title":{"rendered":"Brandschutz im EDV-Bereich"},"content":{"rendered":"<div class=\"style-319 style-local-348-c1 position-relative\" data-colibri-id=\"348-c1\">\r\n<div id=\"initial-content\" class=\"h-section h-section-global-spacing d-flex align-items-lg-center align-items-md-center align-items-center style-320 style-local-348-c2 position-relative\" data-colibri-component=\"section\" data-colibri-id=\"348-c2\">\r\n<div class=\"h-section-grid-container h-section-boxed-container\">\r\n<div class=\"h-row-container gutters-row-lg-2 gutters-row-md-2 gutters-row-0 gutters-row-v-lg-2 gutters-row-v-md-2 gutters-row-v-2 style-321 style-local-348-c3 position-relative\" data-colibri-id=\"348-c3\">\r\n<div class=\"h-row justify-content-lg-center justify-content-md-center justify-content-center align-items-lg-stretch align-items-md-stretch align-items-stretch gutters-col-lg-2 gutters-col-md-2 gutters-col-0 gutters-col-v-lg-2 gutters-col-v-md-2 gutters-col-v-2\">\r\n<div class=\"h-column h-column-container d-flex h-col-lg-auto h-col-md-auto h-col-auto style-322-outer style-local-348-c4-outer\">\r\n<div class=\"d-flex h-flex-basis h-column__inner h-px-lg-2 h-px-md-2 h-px-2 v-inner-lg-2 v-inner-md-2 v-inner-2 style-322 style-local-348-c4 position-relative\" data-colibri-id=\"348-c4\">\r\n<div class=\"w-100 h-y-container h-column__content h-column__v-align flex-basis-100 align-self-lg-start align-self-md-start align-self-start\">\r\n<div class=\"style-323 style-local-348-c5 position-relative h-element\" data-colibri-id=\"348-c5\">\r\n<div>\r\n<h3>OBJEKTSCHUTZANLAGE F\u00dcR SERVERSCHR\u00c4NKE UND RAUMSCHUTZL\u00d6SCHANLAGEN F\u00dcR SERVERR\u00c4UME<\/h3>\r\n\r\n<hr \/>\r\n\r\nEin Schwelbrand in Schalt- und Serverschr\u00e4nken oder Telefonanlagen gen\u00fcgt, um Unternehmen an den Rand des wirtschaftlichen Ruins zu bringen. Extreme St\u00f6rungen im Betriebsablauf, Maschinenstillst\u00e4nde, Produktionsstopps, Umsatz-\r\nund Kundenverluste sind vorprogrammiert. Die Investition in eine sichere und durchdachte Brandschutzl\u00f6sung ist marginal im Vergleich zu den drohenden Folgen und Kosten\u00a0eines Ernstfalls. Die mikroprozessorgesteuerten\u00a0Objektl\u00f6schanlage\r\nvon Kraft &amp; Bauer garantiert Sicherheit und erf\u00fcllt individuelle Kundenanforderungen. Kraft &amp; Bauer bietet Brandschutzanlagen und Raumschutz-L\u00f6schanlagen mit 19&#8220;-Einschubsystem f\u00fcr Serverschr\u00e4nke und Raumschutz-L\u00f6schanlagen\r\nf\u00fcr Serverr\u00e4ume, bei denen wahlweise Argon oder das neue NOVEC 1230 als L\u00f6schmittel eingesetzt werden k\u00f6nnen. Die Brandschutzanlage von Kraft &amp; Bauer besteht aus den vier Hauptkomponenten L\u00f6schanlagensteuerung und L\u00f6schmittelbeh\u00e4lter,\r\ndie au\u00dfen am Schrank montiert werden sowie dem Rauchmelder und der L\u00f6schd\u00fcse, die im gef\u00e4hrdeten Bereich eingesetzt werden. Bei Schrankreihen \u00fcbernimmt eine L\u00f6schanlagensteuerung die Kontrolle aller Einheiten. Im L\u00f6schfall wird nur\r\nder Schrank oder die Einheit gel\u00f6scht, die betroffen ist.\r\n\r\n<strong>Einsatzgebiete<\/strong> Serverschr\u00e4nke, Schaltschr\u00e4nke, Datensicherungsschr\u00e4nke, Rechnerzentralen, Automaten, Telekommunikationsanlagen, Serverr\u00e4ume usw.\r\n\r\n<strong>Vorteile der Argon \/ NOVEC 1230 Objektl\u00f6schanlage von Kraft &amp; Bauer:<\/strong>\r\n<ul>\r\n \t<li>Fr\u00fchestm\u00f6gliche Branderkennung und Reaktion<\/li>\r\n \t<li>Betroffene elektronische System werden selektiv abgeschaltet<\/li>\r\n \t<li>Bedienungsfreundlich<\/li>\r\n \t<li>Keine Zerst\u00f6rung, Beeintr\u00e4chtigung oder Verschmutzung des Brandumfeldes<\/li>\r\n \t<li>Keine Personengef\u00e4hrdung durch die gesundheitlich unbedenklichen L\u00f6schmittel Argon und NOVEC 1230<\/li>\r\n \t<li>Alarmweitermeldung z.B. Brandzentralen, Telefonw\u00e4hlger\u00e4te u.a . m\u00f6glich<\/li>\r\n \t<li>Deutliche Verringerung von Ausfall- und Instandsetzungszeiten<\/li>\r\n \t<li>Keine Zerst\u00f6rung der Elektronik durch das L\u00f6schmittel, auch bei T\u00e4uschungsalarGeringe L\u00f6schmittelbevorratung<\/li>\r\n \t<li>Keine baulichen Ver\u00e4nderungen n\u00f6tig<\/li>\r\n \t<li>Geeignet f\u00fcr Neu- und Nachinstallation<\/li>\r\n \t<li>Montage der L\u00f6schanlagensteuerung und L\u00f6schmittelbeh\u00e4lter au\u00dfen am Schrank<\/li>\r\n \t<li>Genehmigungsverfahren und Abnahme durch VDS-Sachverst\u00e4ndigen nicht erforderlich<\/li>\r\n \t<li>Faires Preis-Leistungsverh\u00e4ltnis bei Neuanlagen und Wartungsarbeiten<\/li>\r\n<\/ul>\r\n<strong>Fakten \u00fcber Argon und NOVEC 1230:<\/strong>\r\n<ul>\r\n \t<li>Argon ist ein Edelgas, Novec 1230 eine\u00a0\u00a0 farblose, fast geruchlose Fl\u00fcssigkeit, die erst an der L\u00f6schd\u00fcse ausgetragen, gasf\u00f6rmig wird. Beide Substanzen sind\u00a0gesundheitlich unbedenklich.<\/li>\r\n \t<li>Schutzma\u00dfnahmen wie Atemschutzmasken sind nicht n\u00f6tig.<\/li>\r\n \t<li>Argon und Novec 1230 zerst\u00f6ren\u00a0Elektronikeinrichtung nicht.<\/li>\r\n \t<li>Es werden beim L\u00f6schen nur geringe Mengen von Argon bzw. Novec 1230 ben\u00f6tigt.<\/li>\r\n \t<li>Eine zus\u00e4tzliche Raumentl\u00fcftung ist nicht n\u00f6tig.<\/li>\r\n \t<li>Argon und Novec 1230 verursachen keinen gro\u00dfen Temperaturabfall im zu l\u00f6schenden Bereich. Somit kein\u00a0\u201eL\u00f6sch-\u00a0 schaden\u201d durch gebrochene Platinen\u00a0oder Kondenswasser.<\/li>\r\n<\/ul>\r\n<\/div>\r\n<\/div>\r\n<\/div>\r\n<\/div>\r\n<\/div>\r\n<\/div>\r\n<\/div>\r\n<div class=\"h-row-container gutters-row-lg-2 gutters-row-md-2 gutters-row-0 gutters-row-v-lg-2 gutters-row-v-md-2 gutters-row-v-2 style-324 style-local-348-c6 position-relative\" data-colibri-id=\"348-c6\">\r\n<div class=\"h-row justify-content-lg-center justify-content-md-center justify-content-center align-items-lg-stretch align-items-md-stretch align-items-stretch gutters-col-lg-2 gutters-col-md-2 gutters-col-0 gutters-col-v-lg-2 gutters-col-v-md-2 gutters-col-v-2\">\r\n<div class=\"h-column h-column-container d-flex h-col-lg-auto h-col-md-auto h-col-auto style-325-outer style-local-348-c7-outer\">\r\n<div class=\"d-flex h-flex-basis h-column__inner h-px-lg-2 h-px-md-2 h-px-2 v-inner-lg-2 v-inner-md-2 v-inner-2 style-325 style-local-348-c7 position-relative\" data-colibri-id=\"348-c7\">\r\n<div class=\"w-100 h-y-container h-column__content h-column__v-align flex-basis-100 align-self-lg-start align-self-md-start align-self-start\">\r\n<div class=\"d-block style-327 style-local-348-c9 position-relative h-element\" data-colibri-id=\"348-c9\">\r\n<div class=\"h-image__frame-container-outer\">\r\n<div class=\"h-image__frame-container\">\r\n\r\n<img decoding=\"async\" width=\"200\" height=\"200\" class=\"wp-image-370 style-327-image style-local-348-c9-image\" src=\"https:\/\/kraft-bauer.com\/wp-content\/uploads\/2020\/07\/cropped-server_2-1.jpg\" alt=\"\" srcset=\"https:\/\/kraft-bauer.com\/wp-content\/uploads\/2020\/07\/cropped-server_2-1.jpg 200w, https:\/\/kraft-bauer.com\/wp-content\/uploads\/2020\/07\/cropped-server_2-1-150x150.jpg 150w\" sizes=\"(max-width: 200px) 100vw, 200px\" \/>\r\n<div class=\"h-image__frame h-hide-lg h-hide-md h-hide-sm style-327-frameImage style-local-348-c9-frameImage\"><\/div>\r\n<\/div>\r\n<\/div>\r\n<\/div>\r\n<\/div>\r\n<\/div>\r\n<\/div>\r\n<div class=\"h-column h-column-container d-flex h-col-lg-auto h-col-md-auto h-col-auto style-326-outer style-local-348-c8-outer\">\r\n<div class=\"d-flex h-flex-basis h-column__inner h-px-lg-2 h-px-md-2 h-px-2 v-inner-lg-2 v-inner-md-2 v-inner-2 style-326 style-local-348-c8 position-relative\" data-colibri-id=\"348-c8\">\r\n<div class=\"w-100 h-y-container h-column__content h-column__v-align flex-basis-100 align-self-lg-start align-self-md-start align-self-start\">\r\n<div class=\"d-block style-328 style-local-348-c10 position-relative h-element\" data-colibri-id=\"348-c10\">\r\n<div class=\"h-image__frame-container-outer\">\r\n<div class=\"h-image__frame-container\">\r\n\r\n<img decoding=\"async\" width=\"180\" height=\"180\" class=\"wp-image-369 style-328-image style-local-348-c10-image\" src=\"https:\/\/kraft-bauer.com\/wp-content\/uploads\/2020\/07\/cropped-server_4.jpg\" alt=\"\" srcset=\"https:\/\/kraft-bauer.com\/wp-content\/uploads\/2020\/07\/cropped-server_4.jpg 180w, https:\/\/kraft-bauer.com\/wp-content\/uploads\/2020\/07\/cropped-server_4-150x150.jpg 150w\" sizes=\"(max-width: 180px) 100vw, 180px\" \/>\r\n<div class=\"h-image__frame h-hide-lg h-hide-md h-hide-sm style-328-frameImage style-local-348-c10-frameImage\"><\/div>\r\n<\/div>\r\n<\/div>\r\n<\/div>\r\n<\/div>\r\n<\/div>\r\n<\/div>\r\n<\/div>\r\n<\/div>\r\n<\/div>\r\n<\/div>\r\n<\/div>","protected":false},"excerpt":{"rendered":"<p>OBJEKTSCHUTZANLAGE F\u00dcR SERVERSCHR\u00c4NKE UND RAUMSCHUTZL\u00d6SCHANLAGEN F\u00dcR SERVERR\u00c4UME Ein Schwelbrand in Schalt- und Serverschr\u00e4nken oder Telefonanlagen gen\u00fcgt, um Unternehmen an den Rand des wirtschaftlichen Ruins zu bringen. Extreme St\u00f6rungen im Betriebsablauf, Maschinenstillst\u00e4nde, Produktionsstopps, Umsatz- und Kundenverluste sind vorprogrammiert. Die Investition in eine sichere und durchdachte Brandschutzl\u00f6sung ist marginal im Vergleich zu den drohenden Folgen und Kosten\u00a0eines [&hellip;]<\/p>\n","protected":false},"author":1,"featured_media":0,"parent":226,"menu_order":0,"comment_status":"closed","ping_status":"closed","template":"page-templates\/full-width-page.php","meta":{"footnotes":""},"class_list":["post-348","page","type-page","status-publish","hentry"],"yoast_head":"<!-- This site is optimized with the Yoast SEO plugin v22.6 - https:\/\/yoast.com\/wordpress\/plugins\/seo\/ -->\n<title>Objektschutzanlage f\u00fcr Serverschr\u00e4nke, Raumschutzl\u00f6schanlagen<\/title>\n<meta name=\"description\" content=\"\u2714\ufe0fArgon und NOVEC 1230 \u2714\ufe0f19\u201c-Einschubsystem \u2714\ufe0f Serverschr\u00e4nke \u2714\ufe0fSchaltschr\u00e4nke \u2714\ufe0fDatensicherungsschr\u00e4nke \u2714\ufe0fRechnerzentralen \u2714\ufe0fAutomaten \u2714\ufe0fTelekommunikationsanlagen \u2714\ufe0fServerr\u00e4ume \u2714\ufe0fWir beraten Sie gerne info@kraft-bauer.com\" \/>\n<meta name=\"robots\" content=\"index, follow, max-snippet:-1, max-image-preview:large, max-video-preview:-1\" \/>\n<link rel=\"canonical\" href=\"https:\/\/kraft-bauer.com\/?page_id=348\" \/>\n<meta property=\"og:locale\" content=\"de_DE\" \/>\n<meta property=\"og:type\" content=\"article\" \/>\n<meta property=\"og:title\" content=\"Objektschutzanlage f\u00fcr Serverschr\u00e4nke, Raumschutzl\u00f6schanlagen\" \/>\n<meta property=\"og:description\" content=\"\u2714\ufe0fArgon und NOVEC 1230 \u2714\ufe0f19\u201c-Einschubsystem \u2714\ufe0f Serverschr\u00e4nke \u2714\ufe0fSchaltschr\u00e4nke \u2714\ufe0fDatensicherungsschr\u00e4nke \u2714\ufe0fRechnerzentralen \u2714\ufe0fAutomaten \u2714\ufe0fTelekommunikationsanlagen \u2714\ufe0fServerr\u00e4ume \u2714\ufe0fWir beraten Sie gerne info@kraft-bauer.com\" \/>\n<meta property=\"og:url\" content=\"https:\/\/kraft-bauer.com\/?page_id=348\" \/>\n<meta property=\"og:site_name\" content=\"Kraft-Bauer\" \/>\n<meta property=\"article:modified_time\" content=\"2024-05-06T19:38:21+00:00\" \/>\n<meta property=\"og:image\" content=\"https:\/\/kraft-bauer.com\/wp-content\/uploads\/2020\/07\/cropped-server_2-1.jpg\" \/>\n<meta name=\"twitter:card\" content=\"summary_large_image\" \/>\n<meta name=\"twitter:label1\" content=\"Gesch\u00e4tzte Lesezeit\" \/>\n\t<meta name=\"twitter:data1\" content=\"3\u00a0Minuten\" \/>\n<script type=\"application\/ld+json\" class=\"yoast-schema-graph\">{\"@context\":\"https:\/\/schema.org\",\"@graph\":[{\"@type\":\"WebPage\",\"@id\":\"https:\/\/kraft-bauer.com\/?page_id=348\",\"url\":\"https:\/\/kraft-bauer.com\/?page_id=348\",\"name\":\"Objektschutzanlage f\u00fcr Serverschr\u00e4nke, Raumschutzl\u00f6schanlagen\",\"isPartOf\":{\"@id\":\"https:\/\/kraft-bauer.com\/#website\"},\"primaryImageOfPage\":{\"@id\":\"https:\/\/kraft-bauer.com\/?page_id=348#primaryimage\"},\"image\":{\"@id\":\"https:\/\/kraft-bauer.com\/?page_id=348#primaryimage\"},\"thumbnailUrl\":\"https:\/\/kraft-bauer.com\/wp-content\/uploads\/2020\/07\/cropped-server_2-1.jpg\",\"datePublished\":\"2020-07-02T07:11:53+00:00\",\"dateModified\":\"2024-05-06T19:38:21+00:00\",\"description\":\"\u2714\ufe0fArgon und NOVEC 1230 \u2714\ufe0f19\u201c-Einschubsystem \u2714\ufe0f Serverschr\u00e4nke \u2714\ufe0fSchaltschr\u00e4nke \u2714\ufe0fDatensicherungsschr\u00e4nke \u2714\ufe0fRechnerzentralen \u2714\ufe0fAutomaten \u2714\ufe0fTelekommunikationsanlagen \u2714\ufe0fServerr\u00e4ume \u2714\ufe0fWir beraten Sie gerne info@kraft-bauer.com\",\"breadcrumb\":{\"@id\":\"https:\/\/kraft-bauer.com\/?page_id=348#breadcrumb\"},\"inLanguage\":\"de\",\"potentialAction\":[{\"@type\":\"ReadAction\",\"target\":[\"https:\/\/kraft-bauer.com\/?page_id=348\"]}]},{\"@type\":\"ImageObject\",\"inLanguage\":\"de\",\"@id\":\"https:\/\/kraft-bauer.com\/?page_id=348#primaryimage\",\"url\":\"https:\/\/kraft-bauer.com\/wp-content\/uploads\/2020\/07\/cropped-server_2-1.jpg\",\"contentUrl\":\"https:\/\/kraft-bauer.com\/wp-content\/uploads\/2020\/07\/cropped-server_2-1.jpg\",\"width\":200,\"height\":200},{\"@type\":\"BreadcrumbList\",\"@id\":\"https:\/\/kraft-bauer.com\/?page_id=348#breadcrumb\",\"itemListElement\":[{\"@type\":\"ListItem\",\"position\":1,\"name\":\"Startseite\",\"item\":\"https:\/\/kraft-bauer.com\/\"},{\"@type\":\"ListItem\",\"position\":2,\"name\":\"L\u00f6schanlage\",\"item\":\"https:\/\/kraft-bauer.com\/?page_id=226\"},{\"@type\":\"ListItem\",\"position\":3,\"name\":\"Brandschutz im EDV-Bereich\"}]},{\"@type\":\"WebSite\",\"@id\":\"https:\/\/kraft-bauer.com\/#website\",\"url\":\"https:\/\/kraft-bauer.com\/\",\"name\":\"Kraft & Bauer Brandschutzsysteme GmbH\",\"description\":\"L\u00f6schanlagen und Feuerl\u00f6scher zur Brandvermeidung und -bek\u00e4mpfung. F\u00fcr die Sicherheit Ihrer Unternehmens- und Produktionsbereiche. Wir beraten Sie gerne info@kraft-bauer.com\",\"publisher\":{\"@id\":\"https:\/\/kraft-bauer.com\/#organization\"},\"potentialAction\":[{\"@type\":\"SearchAction\",\"target\":{\"@type\":\"EntryPoint\",\"urlTemplate\":\"https:\/\/kraft-bauer.com\/?s={search_term_string}\"},\"query-input\":\"required name=search_term_string\"}],\"inLanguage\":\"de\"},{\"@type\":\"Organization\",\"@id\":\"https:\/\/kraft-bauer.com\/#organization\",\"name\":\"Kraft & Bauer Brandschutzsysteme GmbH\",\"url\":\"https:\/\/kraft-bauer.com\/\",\"logo\":{\"@type\":\"ImageObject\",\"inLanguage\":\"de\",\"@id\":\"https:\/\/kraft-bauer.com\/#\/schema\/logo\/image\/\",\"url\":\"https:\/\/kraft-bauer.com\/wp-content\/uploads\/2020\/07\/cropped-logo_header-scaled-2.jpg\",\"contentUrl\":\"https:\/\/kraft-bauer.com\/wp-content\/uploads\/2020\/07\/cropped-logo_header-scaled-2.jpg\",\"width\":2491,\"height\":735,\"caption\":\"Kraft & Bauer Brandschutzsysteme GmbH\"},\"image\":{\"@id\":\"https:\/\/kraft-bauer.com\/#\/schema\/logo\/image\/\"}}]}<\/script>\n<!-- \/ Yoast SEO plugin. -->","yoast_head_json":{"title":"Objektschutzanlage f\u00fcr Serverschr\u00e4nke, Raumschutzl\u00f6schanlagen","description":"\u2714\ufe0fArgon und NOVEC 1230 \u2714\ufe0f19\u201c-Einschubsystem \u2714\ufe0f Serverschr\u00e4nke \u2714\ufe0fSchaltschr\u00e4nke \u2714\ufe0fDatensicherungsschr\u00e4nke \u2714\ufe0fRechnerzentralen \u2714\ufe0fAutomaten \u2714\ufe0fTelekommunikationsanlagen \u2714\ufe0fServerr\u00e4ume \u2714\ufe0fWir beraten Sie gerne info@kraft-bauer.com","robots":{"index":"index","follow":"follow","max-snippet":"max-snippet:-1","max-image-preview":"max-image-preview:large","max-video-preview":"max-video-preview:-1"},"canonical":"https:\/\/kraft-bauer.com\/?page_id=348","og_locale":"de_DE","og_type":"article","og_title":"Objektschutzanlage f\u00fcr Serverschr\u00e4nke, Raumschutzl\u00f6schanlagen","og_description":"\u2714\ufe0fArgon und NOVEC 1230 \u2714\ufe0f19\u201c-Einschubsystem \u2714\ufe0f Serverschr\u00e4nke \u2714\ufe0fSchaltschr\u00e4nke \u2714\ufe0fDatensicherungsschr\u00e4nke \u2714\ufe0fRechnerzentralen \u2714\ufe0fAutomaten \u2714\ufe0fTelekommunikationsanlagen \u2714\ufe0fServerr\u00e4ume \u2714\ufe0fWir beraten Sie gerne info@kraft-bauer.com","og_url":"https:\/\/kraft-bauer.com\/?page_id=348","og_site_name":"Kraft-Bauer","article_modified_time":"2024-05-06T19:38:21+00:00","og_image":[{"url":"https:\/\/kraft-bauer.com\/wp-content\/uploads\/2020\/07\/cropped-server_2-1.jpg"}],"twitter_card":"summary_large_image","twitter_misc":{"Gesch\u00e4tzte Lesezeit":"3\u00a0Minuten"},"schema":{"@context":"https:\/\/schema.org","@graph":[{"@type":"WebPage","@id":"https:\/\/kraft-bauer.com\/?page_id=348","url":"https:\/\/kraft-bauer.com\/?page_id=348","name":"Objektschutzanlage f\u00fcr Serverschr\u00e4nke, Raumschutzl\u00f6schanlagen","isPartOf":{"@id":"https:\/\/kraft-bauer.com\/#website"},"primaryImageOfPage":{"@id":"https:\/\/kraft-bauer.com\/?page_id=348#primaryimage"},"image":{"@id":"https:\/\/kraft-bauer.com\/?page_id=348#primaryimage"},"thumbnailUrl":"https:\/\/kraft-bauer.com\/wp-content\/uploads\/2020\/07\/cropped-server_2-1.jpg","datePublished":"2020-07-02T07:11:53+00:00","dateModified":"2024-05-06T19:38:21+00:00","description":"\u2714\ufe0fArgon und NOVEC 1230 \u2714\ufe0f19\u201c-Einschubsystem \u2714\ufe0f Serverschr\u00e4nke \u2714\ufe0fSchaltschr\u00e4nke \u2714\ufe0fDatensicherungsschr\u00e4nke \u2714\ufe0fRechnerzentralen \u2714\ufe0fAutomaten \u2714\ufe0fTelekommunikationsanlagen \u2714\ufe0fServerr\u00e4ume \u2714\ufe0fWir beraten Sie gerne info@kraft-bauer.com","breadcrumb":{"@id":"https:\/\/kraft-bauer.com\/?page_id=348#breadcrumb"},"inLanguage":"de","potentialAction":[{"@type":"ReadAction","target":["https:\/\/kraft-bauer.com\/?page_id=348"]}]},{"@type":"ImageObject","inLanguage":"de","@id":"https:\/\/kraft-bauer.com\/?page_id=348#primaryimage","url":"https:\/\/kraft-bauer.com\/wp-content\/uploads\/2020\/07\/cropped-server_2-1.jpg","contentUrl":"https:\/\/kraft-bauer.com\/wp-content\/uploads\/2020\/07\/cropped-server_2-1.jpg","width":200,"height":200},{"@type":"BreadcrumbList","@id":"https:\/\/kraft-bauer.com\/?page_id=348#breadcrumb","itemListElement":[{"@type":"ListItem","position":1,"name":"Startseite","item":"https:\/\/kraft-bauer.com\/"},{"@type":"ListItem","position":2,"name":"L\u00f6schanlage","item":"https:\/\/kraft-bauer.com\/?page_id=226"},{"@type":"ListItem","position":3,"name":"Brandschutz im EDV-Bereich"}]},{"@type":"WebSite","@id":"https:\/\/kraft-bauer.com\/#website","url":"https:\/\/kraft-bauer.com\/","name":"Kraft & Bauer Brandschutzsysteme GmbH","description":"L\u00f6schanlagen und Feuerl\u00f6scher zur Brandvermeidung und -bek\u00e4mpfung. F\u00fcr die Sicherheit Ihrer Unternehmens- und Produktionsbereiche. Wir beraten Sie gerne info@kraft-bauer.com","publisher":{"@id":"https:\/\/kraft-bauer.com\/#organization"},"potentialAction":[{"@type":"SearchAction","target":{"@type":"EntryPoint","urlTemplate":"https:\/\/kraft-bauer.com\/?s={search_term_string}"},"query-input":"required name=search_term_string"}],"inLanguage":"de"},{"@type":"Organization","@id":"https:\/\/kraft-bauer.com\/#organization","name":"Kraft & Bauer Brandschutzsysteme GmbH","url":"https:\/\/kraft-bauer.com\/","logo":{"@type":"ImageObject","inLanguage":"de","@id":"https:\/\/kraft-bauer.com\/#\/schema\/logo\/image\/","url":"https:\/\/kraft-bauer.com\/wp-content\/uploads\/2020\/07\/cropped-logo_header-scaled-2.jpg","contentUrl":"https:\/\/kraft-bauer.com\/wp-content\/uploads\/2020\/07\/cropped-logo_header-scaled-2.jpg","width":2491,"height":735,"caption":"Kraft & Bauer Brandschutzsysteme GmbH"},"image":{"@id":"https:\/\/kraft-bauer.com\/#\/schema\/logo\/image\/"}}]}},"_links":{"self":[{"href":"https:\/\/kraft-bauer.com\/index.php?rest_route=\/wp\/v2\/pages\/348","targetHints":{"allow":["GET"]}}],"collection":[{"href":"https:\/\/kraft-bauer.com\/index.php?rest_route=\/wp\/v2\/pages"}],"about":[{"href":"https:\/\/kraft-bauer.com\/index.php?rest_route=\/wp\/v2\/types\/page"}],"author":[{"embeddable":true,"href":"https:\/\/kraft-bauer.com\/index.php?rest_route=\/wp\/v2\/users\/1"}],"replies":[{"embeddable":true,"href":"https:\/\/kraft-bauer.com\/index.php?rest_route=%2Fwp%2Fv2%2Fcomments&post=348"}],"version-history":[{"count":20,"href":"https:\/\/kraft-bauer.com\/index.php?rest_route=\/wp\/v2\/pages\/348\/revisions"}],"predecessor-version":[{"id":1367,"href":"https:\/\/kraft-bauer.com\/index.php?rest_route=\/wp\/v2\/pages\/348\/revisions\/1367"}],"up":[{"embeddable":true,"href":"https:\/\/kraft-bauer.com\/index.php?rest_route=\/wp\/v2\/pages\/226"}],"wp:attachment":[{"href":"https:\/\/kraft-bauer.com\/index.php?rest_route=%2Fwp%2Fv2%2Fmedia&parent=348"}],"curies":[{"name":"wp","href":"https:\/\/api.w.org\/{rel}","templated":true}]}}