{"id":163,"date":"2020-06-05T08:27:57","date_gmt":"2020-06-05T08:27:57","guid":{"rendered":"https:\/\/kraft-bauer.com\/?page_id=163"},"modified":"2020-07-21T06:36:45","modified_gmt":"2020-07-21T06:36:45","slug":"impressum","status":"publish","type":"page","link":"https:\/\/kraft-bauer.com\/?page_id=163","title":{"rendered":"Impressum"},"content":{"rendered":"\r\n<p><strong>Anschrift<\/strong><\/p>\r\n\r\n\r\n\r\n<p>Kraft &amp; Bauer Brandschutzsysteme<\/p>\r\n\r\n\r\n\r\n<p>Max-Eyth-Str. 43<br \/>71088 Holzgerlingen<\/p>\r\n\r\n\r\n\r\n<p>Telefon: +49 (0) 70 31 \/ 4 10 36 &#8211; 0<\/p>\r\n\r\n\r\n\r\n<p>Telefax: +49 (0) 70 31 \/ 4 10 36 &#8211; 11<\/p>\r\n\r\n\r\n\r\n<p>E-Mail:\u00a0<a href=\"mailto:info@kraft-bauer.com\">info@kraft-bauer.com<\/a><\/p>\r\n\r\n\r\n\r\n<p>Gesch\u00e4ftsf\u00fchrer: Frank Foddi<\/p>\r\n\r\n\r\n\r\n<p>AG Stuttgart HRB 242670<\/p>\r\n\r\n\r\n\r\n<p>Ust-IdNr: DE 145167945<\/p>\r\n\r\n\r\n\r\n<p><strong>Disclaimer<\/strong><br \/>Berufsrechtlichen Regelungen: Handwerksordnung (Zu finden im Bundesgesetzblatt I, Seite 3074 in der Fassung vom 24. September 1998)<\/p>\r\n","protected":false},"excerpt":{"rendered":"<p>Anschrift Kraft &amp; Bauer Brandschutzsysteme Max-Eyth-Str. 4371088 Holzgerlingen Telefon: +49 (0) 70 31 \/ 4 10 36 &#8211; 0 Telefax: +49 (0) 70 31 \/ 4 10 36 &#8211; 11 E-Mail:\u00a0info@kraft-bauer.com Gesch\u00e4ftsf\u00fchrer: Frank Foddi AG Stuttgart HRB 242670 Ust-IdNr: DE 145167945 DisclaimerBerufsrechtlichen Regelungen: Handwerksordnung (Zu finden im Bundesgesetzblatt I, Seite 3074 in der Fassung vom [&hellip;]<\/p>\n","protected":false},"author":1,"featured_media":0,"parent":0,"menu_order":0,"comment_status":"closed","ping_status":"closed","template":"","meta":{"footnotes":""},"class_list":["post-163","page","type-page","status-publish","hentry"],"yoast_head":"<!-- This site is optimized with the Yoast SEO plugin v22.6 - https:\/\/yoast.com\/wordpress\/plugins\/seo\/ -->\n<title>Impressum - Kraft-Bauer<\/title>\n<meta name=\"description\" content=\"L\u00f6schanlagen und Feuerl\u00f6scher zur Brandvermeidung und -bek\u00e4mpfung. F\u00fcr die Sicherheit Ihrer Unternehmens- und Produktionsbereiche. Wir beraten Sie gerne info@kraft-bauer.com\" \/>\n<meta name=\"robots\" content=\"index, follow, max-snippet:-1, max-image-preview:large, max-video-preview:-1\" \/>\n<link rel=\"canonical\" href=\"https:\/\/kraft-bauer.com\/?page_id=163\" \/>\n<meta property=\"og:locale\" content=\"de_DE\" \/>\n<meta property=\"og:type\" content=\"article\" \/>\n<meta property=\"og:title\" content=\"Impressum - Kraft-Bauer\" \/>\n<meta property=\"og:description\" content=\"L\u00f6schanlagen und Feuerl\u00f6scher zur Brandvermeidung und -bek\u00e4mpfung. F\u00fcr die Sicherheit Ihrer Unternehmens- und Produktionsbereiche. Wir beraten Sie gerne info@kraft-bauer.com\" \/>\n<meta property=\"og:url\" content=\"https:\/\/kraft-bauer.com\/?page_id=163\" \/>\n<meta property=\"og:site_name\" content=\"Kraft-Bauer\" \/>\n<meta property=\"article:modified_time\" content=\"2020-07-21T06:36:45+00:00\" \/>\n<meta name=\"twitter:card\" content=\"summary_large_image\" \/>\n<script type=\"application\/ld+json\" class=\"yoast-schema-graph\">{\"@context\":\"https:\/\/schema.org\",\"@graph\":[{\"@type\":\"WebPage\",\"@id\":\"https:\/\/kraft-bauer.com\/?page_id=163\",\"url\":\"https:\/\/kraft-bauer.com\/?page_id=163\",\"name\":\"Impressum - Kraft-Bauer\",\"isPartOf\":{\"@id\":\"https:\/\/kraft-bauer.com\/#website\"},\"datePublished\":\"2020-06-05T08:27:57+00:00\",\"dateModified\":\"2020-07-21T06:36:45+00:00\",\"description\":\"L\u00f6schanlagen und Feuerl\u00f6scher zur Brandvermeidung und -bek\u00e4mpfung. F\u00fcr die Sicherheit Ihrer Unternehmens- und Produktionsbereiche. Wir beraten Sie gerne info@kraft-bauer.com\",\"breadcrumb\":{\"@id\":\"https:\/\/kraft-bauer.com\/?page_id=163#breadcrumb\"},\"inLanguage\":\"de\",\"potentialAction\":[{\"@type\":\"ReadAction\",\"target\":[\"https:\/\/kraft-bauer.com\/?page_id=163\"]}]},{\"@type\":\"BreadcrumbList\",\"@id\":\"https:\/\/kraft-bauer.com\/?page_id=163#breadcrumb\",\"itemListElement\":[{\"@type\":\"ListItem\",\"position\":1,\"name\":\"Startseite\",\"item\":\"https:\/\/kraft-bauer.com\/\"},{\"@type\":\"ListItem\",\"position\":2,\"name\":\"Impressum\"}]},{\"@type\":\"WebSite\",\"@id\":\"https:\/\/kraft-bauer.com\/#website\",\"url\":\"https:\/\/kraft-bauer.com\/\",\"name\":\"Kraft & Bauer Brandschutzsysteme GmbH\",\"description\":\"L\u00f6schanlagen und Feuerl\u00f6scher zur Brandvermeidung und -bek\u00e4mpfung. F\u00fcr die Sicherheit Ihrer Unternehmens- und Produktionsbereiche. Wir beraten Sie gerne info@kraft-bauer.com\",\"publisher\":{\"@id\":\"https:\/\/kraft-bauer.com\/#organization\"},\"potentialAction\":[{\"@type\":\"SearchAction\",\"target\":{\"@type\":\"EntryPoint\",\"urlTemplate\":\"https:\/\/kraft-bauer.com\/?s={search_term_string}\"},\"query-input\":\"required name=search_term_string\"}],\"inLanguage\":\"de\"},{\"@type\":\"Organization\",\"@id\":\"https:\/\/kraft-bauer.com\/#organization\",\"name\":\"Kraft & Bauer Brandschutzsysteme GmbH\",\"url\":\"https:\/\/kraft-bauer.com\/\",\"logo\":{\"@type\":\"ImageObject\",\"inLanguage\":\"de\",\"@id\":\"https:\/\/kraft-bauer.com\/#\/schema\/logo\/image\/\",\"url\":\"https:\/\/kraft-bauer.com\/wp-content\/uploads\/2020\/07\/cropped-logo_header-scaled-2.jpg\",\"contentUrl\":\"https:\/\/kraft-bauer.com\/wp-content\/uploads\/2020\/07\/cropped-logo_header-scaled-2.jpg\",\"width\":2491,\"height\":735,\"caption\":\"Kraft & Bauer Brandschutzsysteme GmbH\"},\"image\":{\"@id\":\"https:\/\/kraft-bauer.com\/#\/schema\/logo\/image\/\"}}]}<\/script>\n<!-- \/ Yoast SEO plugin. -->","yoast_head_json":{"title":"Impressum - Kraft-Bauer","description":"L\u00f6schanlagen und Feuerl\u00f6scher zur Brandvermeidung und -bek\u00e4mpfung. F\u00fcr die Sicherheit Ihrer Unternehmens- und Produktionsbereiche. Wir beraten Sie gerne info@kraft-bauer.com","robots":{"index":"index","follow":"follow","max-snippet":"max-snippet:-1","max-image-preview":"max-image-preview:large","max-video-preview":"max-video-preview:-1"},"canonical":"https:\/\/kraft-bauer.com\/?page_id=163","og_locale":"de_DE","og_type":"article","og_title":"Impressum - Kraft-Bauer","og_description":"L\u00f6schanlagen und Feuerl\u00f6scher zur Brandvermeidung und -bek\u00e4mpfung. F\u00fcr die Sicherheit Ihrer Unternehmens- und Produktionsbereiche. Wir beraten Sie gerne info@kraft-bauer.com","og_url":"https:\/\/kraft-bauer.com\/?page_id=163","og_site_name":"Kraft-Bauer","article_modified_time":"2020-07-21T06:36:45+00:00","twitter_card":"summary_large_image","schema":{"@context":"https:\/\/schema.org","@graph":[{"@type":"WebPage","@id":"https:\/\/kraft-bauer.com\/?page_id=163","url":"https:\/\/kraft-bauer.com\/?page_id=163","name":"Impressum - Kraft-Bauer","isPartOf":{"@id":"https:\/\/kraft-bauer.com\/#website"},"datePublished":"2020-06-05T08:27:57+00:00","dateModified":"2020-07-21T06:36:45+00:00","description":"L\u00f6schanlagen und Feuerl\u00f6scher zur Brandvermeidung und -bek\u00e4mpfung. F\u00fcr die Sicherheit Ihrer Unternehmens- und Produktionsbereiche. Wir beraten Sie gerne info@kraft-bauer.com","breadcrumb":{"@id":"https:\/\/kraft-bauer.com\/?page_id=163#breadcrumb"},"inLanguage":"de","potentialAction":[{"@type":"ReadAction","target":["https:\/\/kraft-bauer.com\/?page_id=163"]}]},{"@type":"BreadcrumbList","@id":"https:\/\/kraft-bauer.com\/?page_id=163#breadcrumb","itemListElement":[{"@type":"ListItem","position":1,"name":"Startseite","item":"https:\/\/kraft-bauer.com\/"},{"@type":"ListItem","position":2,"name":"Impressum"}]},{"@type":"WebSite","@id":"https:\/\/kraft-bauer.com\/#website","url":"https:\/\/kraft-bauer.com\/","name":"Kraft & Bauer Brandschutzsysteme GmbH","description":"L\u00f6schanlagen und Feuerl\u00f6scher zur Brandvermeidung und -bek\u00e4mpfung. F\u00fcr die Sicherheit Ihrer Unternehmens- und Produktionsbereiche. Wir beraten Sie gerne info@kraft-bauer.com","publisher":{"@id":"https:\/\/kraft-bauer.com\/#organization"},"potentialAction":[{"@type":"SearchAction","target":{"@type":"EntryPoint","urlTemplate":"https:\/\/kraft-bauer.com\/?s={search_term_string}"},"query-input":"required name=search_term_string"}],"inLanguage":"de"},{"@type":"Organization","@id":"https:\/\/kraft-bauer.com\/#organization","name":"Kraft & Bauer Brandschutzsysteme GmbH","url":"https:\/\/kraft-bauer.com\/","logo":{"@type":"ImageObject","inLanguage":"de","@id":"https:\/\/kraft-bauer.com\/#\/schema\/logo\/image\/","url":"https:\/\/kraft-bauer.com\/wp-content\/uploads\/2020\/07\/cropped-logo_header-scaled-2.jpg","contentUrl":"https:\/\/kraft-bauer.com\/wp-content\/uploads\/2020\/07\/cropped-logo_header-scaled-2.jpg","width":2491,"height":735,"caption":"Kraft & Bauer Brandschutzsysteme GmbH"},"image":{"@id":"https:\/\/kraft-bauer.com\/#\/schema\/logo\/image\/"}}]}},"_links":{"self":[{"href":"https:\/\/kraft-bauer.com\/index.php?rest_route=\/wp\/v2\/pages\/163","targetHints":{"allow":["GET"]}}],"collection":[{"href":"https:\/\/kraft-bauer.com\/index.php?rest_route=\/wp\/v2\/pages"}],"about":[{"href":"https:\/\/kraft-bauer.com\/index.php?rest_route=\/wp\/v2\/types\/page"}],"author":[{"embeddable":true,"href":"https:\/\/kraft-bauer.com\/index.php?rest_route=\/wp\/v2\/users\/1"}],"replies":[{"embeddable":true,"href":"https:\/\/kraft-bauer.com\/index.php?rest_route=%2Fwp%2Fv2%2Fcomments&post=163"}],"version-history":[{"count":2,"href":"https:\/\/kraft-bauer.com\/index.php?rest_route=\/wp\/v2\/pages\/163\/revisions"}],"predecessor-version":[{"id":1366,"href":"https:\/\/kraft-bauer.com\/index.php?rest_route=\/wp\/v2\/pages\/163\/revisions\/1366"}],"wp:attachment":[{"href":"https:\/\/kraft-bauer.com\/index.php?rest_route=%2Fwp%2Fv2%2Fmedia&parent=163"}],"curies":[{"name":"wp","href":"https:\/\/api.w.org\/{rel}","templated":true}]}}

<p><strong>Anschrift</strong></p>



<p>Kraft &amp; Bauer Brandschutzsysteme</p>



<p>Max-Eyth-Str. 43<br />71088 Holzgerlingen</p>



<p>Telefon: +49 (0) 70 31 / 4 10 36 &#8211; 0</p>



<p>Telefax: +49 (0) 70 31 / 4 10 36 &#8211; 11</p>



<p>E-Mail: <a href="mailto:info@kraft-bauer.com">info@kraft-bauer.com</a></p>



<p>Geschäftsführer: Frank Foddi</p>



<p>AG Stuttgart HRB 242670</p>



<p>Ust-IdNr: DE 145167945</p>



<p><strong>Disclaimer</strong><br />Berufsrechtlichen Regelungen: Handwerksordnung (Zu finden im Bundesgesetzblatt I, Seite 3074 in der Fassung vom 24. September 1998)</p>

<p>Anschrift Kraft &amp; Bauer Brandschutzsysteme Max-Eyth-Str. 4371088 Holzgerlingen Telefon: +49 (0) 70 31 / 4 10 36 &#8211; 0 Telefax: +49 (0) 70 31 / 4 10 36 &#8211; 11 E-Mail: info@kraft-bauer.com Geschäftsführer: Frank Foddi AG Stuttgart HRB 242670 Ust-IdNr: DE 145167945 DisclaimerBerufsrechtlichen Regelungen: Handwerksordnung (Zu finden im Bundesgesetzblatt I, Seite 3074 in der Fassung vom [&hellip;]</p>

<!-- This site is optimized with the Yoast SEO plugin v22.6 - https://yoast.com/wordpress/plugins/seo/ -->
<title>Impressum - Kraft-Bauer</title>
<meta name="description" content="Löschanlagen und Feuerlöscher zur Brandvermeidung und -bekämpfung. Für die Sicherheit Ihrer Unternehmens- und Produktionsbereiche. Wir beraten Sie gerne info@kraft-bauer.com" />
<meta name="robots" content="index, follow, max-snippet:-1, max-image-preview:large, max-video-preview:-1" />
<link rel="canonical" href="https://kraft-bauer.com/?page_id=163" />
<meta property="og:locale" content="de_DE" />
<meta property="og:type" content="article" />
<meta property="og:title" content="Impressum - Kraft-Bauer" />
<meta property="og:description" content="Löschanlagen und Feuerlöscher zur Brandvermeidung und -bekämpfung. Für die Sicherheit Ihrer Unternehmens- und Produktionsbereiche. Wir beraten Sie gerne info@kraft-bauer.com" />
<meta property="og:url" content="https://kraft-bauer.com/?page_id=163" />
<meta property="og:site_name" content="Kraft-Bauer" />
<meta property="article:modified_time" content="2020-07-21T06:36:45+00:00" />
<meta name="twitter:card" content="summary_large_image" />
<script type="application/ld+json" class="yoast-schema-graph">{"@context":"https://schema.org","@graph":[{"@type":"WebPage","@id":"https://kraft-bauer.com/?page_id=163","url":"https://kraft-bauer.com/?page_id=163","name":"Impressum - Kraft-Bauer","isPartOf":{"@id":"https://kraft-bauer.com/#website"},"datePublished":"2020-06-05T08:27:57+00:00","dateModified":"2020-07-21T06:36:45+00:00","description":"Löschanlagen und Feuerlöscher zur Brandvermeidung und -bekämpfung. Für die Sicherheit Ihrer Unternehmens- und Produktionsbereiche. Wir beraten Sie gerne info@kraft-bauer.com","breadcrumb":{"@id":"https://kraft-bauer.com/?page_id=163#breadcrumb"},"inLanguage":"de","potentialAction":[{"@type":"ReadAction","target":["https://kraft-bauer.com/?page_id=163"]}]},{"@type":"BreadcrumbList","@id":"https://kraft-bauer.com/?page_id=163#breadcrumb","itemListElement":[{"@type":"ListItem","position":1,"name":"Startseite","item":"https://kraft-bauer.com/"},{"@type":"ListItem","position":2,"name":"Impressum"}]},{"@type":"WebSite","@id":"https://kraft-bauer.com/#website","url":"https://kraft-bauer.com/","name":"Kraft & Bauer Brandschutzsysteme GmbH","description":"Löschanlagen und Feuerlöscher zur Brandvermeidung und -bekämpfung. Für die Sicherheit Ihrer Unternehmens- und Produktionsbereiche. Wir beraten Sie gerne info@kraft-bauer.com","publisher":{"@id":"https://kraft-bauer.com/#organization"},"potentialAction":[{"@type":"SearchAction","target":{"@type":"EntryPoint","urlTemplate":"https://kraft-bauer.com/?s={search_term_string}"},"query-input":"required name=search_term_string"}],"inLanguage":"de"},{"@type":"Organization","@id":"https://kraft-bauer.com/#organization","name":"Kraft & Bauer Brandschutzsysteme GmbH","url":"https://kraft-bauer.com/","logo":{"@type":"ImageObject","inLanguage":"de","@id":"https://kraft-bauer.com/#/schema/logo/image/","url":"https://kraft-bauer.com/wp-content/uploads/2020/07/cropped-logo_header-scaled-2.jpg","contentUrl":"https://kraft-bauer.com/wp-content/uploads/2020/07/cropped-logo_header-scaled-2.jpg","width":2491,"height":735,"caption":"Kraft & Bauer Brandschutzsysteme GmbH"},"image":{"@id":"https://kraft-bauer.com/#/schema/logo/image/"}}]}</script>
<!-- / Yoast SEO plugin. -->

Löschanlagen und Feuerlöscher zur Brandvermeidung und -bekämpfung. Für die Sicherheit Ihrer Unternehmens- und Produktionsbereiche. Wir beraten Sie gerne info@kraft-bauer.com
